{"id":2005,"date":"2023-06-04T19:02:15","date_gmt":"2023-06-04T19:02:15","guid":{"rendered":"https:\/\/aluengsystems.com\/?page_id=2005"},"modified":"2023-10-15T11:24:33","modified_gmt":"2023-10-15T11:24:33","slug":"cam-korkuluk-sistemleri","status":"publish","type":"page","link":"https:\/\/www.aluengsystems.com\/index.php\/cam-korkuluk-sistemleri\/","title":{"rendered":"Cam Korkuluk Sistemleri"},"content":{"rendered":"\t\t<div data-elementor-type=\"wp-page\" data-elementor-id=\"2005\" class=\"elementor elementor-2005\">\n\t\t\t\t\t\t\t\t\t<section class=\"elementor-section elementor-top-section elementor-element elementor-element-66af2d19 elementor-section-stretched elementor-section-height-min-height elementor-section-boxed elementor-section-height-default elementor-section-items-middle elementor-invisible\" data-id=\"66af2d19\" data-element_type=\"section\" data-settings=\"{&quot;background_background&quot;:&quot;classic&quot;,&quot;stretch_section&quot;:&quot;section-stretched&quot;,&quot;animation&quot;:&quot;fadeIn&quot;}\">\n\t\t\t\t\t\t\t<div class=\"elementor-background-overlay\"><\/div>\n\t\t\t\t\t\t\t<div class=\"elementor-container elementor-column-gap-no\">\n\t\t\t\t\t<div class=\"elementor-column elementor-col-100 elementor-top-column elementor-element elementor-element-3707b533\" data-id=\"3707b533\" data-element_type=\"column\">\n\t\t\t<div class=\"elementor-widget-wrap elementor-element-populated\">\n\t\t\t\t\t\t\t\t<div class=\"elementor-element elementor-element-6b6d2c99 elementor-widget elementor-widget-heading\" data-id=\"6b6d2c99\" data-element_type=\"widget\" data-widget_type=\"heading.default\">\n\t\t\t\t<div class=\"elementor-widget-container\">\n\t\t\t<style>\/*! elementor - v3.15.0 - 09-08-2023 *\/\n.elementor-heading-title{padding:0;margin:0;line-height:1}.elementor-widget-heading .elementor-heading-title[class*=elementor-size-]>a{color:inherit;font-size:inherit;line-height:inherit}.elementor-widget-heading .elementor-heading-title.elementor-size-small{font-size:15px}.elementor-widget-heading .elementor-heading-title.elementor-size-medium{font-size:19px}.elementor-widget-heading .elementor-heading-title.elementor-size-large{font-size:29px}.elementor-widget-heading .elementor-heading-title.elementor-size-xl{font-size:39px}.elementor-widget-heading .elementor-heading-title.elementor-size-xxl{font-size:59px}<\/style><h2 class=\"elementor-heading-title elementor-size-default\">Cam Korkuluk Sistemleri<\/h2>\t\t<\/div>\n\t\t\t\t<\/div>\n\t\t\t\t\t<\/div>\n\t\t<\/div>\n\t\t\t\t\t\t\t<\/div>\n\t\t<\/section>\n\t\t\t\t<section class=\"elementor-section elementor-top-section elementor-element elementor-element-306df708 elementor-section-boxed elementor-section-height-default elementor-section-height-default\" data-id=\"306df708\" data-element_type=\"section\" data-settings=\"{&quot;background_background&quot;:&quot;gradient&quot;}\">\n\t\t\t\t\t\t<div class=\"elementor-container elementor-column-gap-default\">\n\t\t\t\t\t<div class=\"elementor-column elementor-col-66 elementor-top-column elementor-element elementor-element-50852849\" data-id=\"50852849\" data-element_type=\"column\">\n\t\t\t<div class=\"elementor-widget-wrap elementor-element-populated\">\n\t\t\t\t\t\t\t\t<div class=\"elementor-element elementor-element-4b8e4fb5 elementor-widget elementor-widget-heading\" data-id=\"4b8e4fb5\" data-element_type=\"widget\" data-widget_type=\"heading.default\">\n\t\t\t\t<div class=\"elementor-widget-container\">\n\t\t\t<h3 class=\"elementor-heading-title elementor-size-default\">Cam Korkuluk Sistemlerinin Avantajlar\u0131<\/h3>\t\t<\/div>\n\t\t\t\t<\/div>\n\t\t\t\t<div class=\"elementor-element elementor-element-58833001 elementor-widget elementor-widget-text-editor\" data-id=\"58833001\" data-element_type=\"widget\" data-widget_type=\"text-editor.default\">\n\t\t\t\t<div class=\"elementor-widget-container\">\n\t\t\t<style>\/*! elementor - v3.15.0 - 09-08-2023 *\/\n.elementor-widget-text-editor.elementor-drop-cap-view-stacked .elementor-drop-cap{background-color:#69727d;color:#fff}.elementor-widget-text-editor.elementor-drop-cap-view-framed .elementor-drop-cap{color:#69727d;border:3px solid;background-color:transparent}.elementor-widget-text-editor:not(.elementor-drop-cap-view-default) .elementor-drop-cap{margin-top:8px}.elementor-widget-text-editor:not(.elementor-drop-cap-view-default) .elementor-drop-cap-letter{width:1em;height:1em}.elementor-widget-text-editor .elementor-drop-cap{float:left;text-align:center;line-height:1;font-size:50px}.elementor-widget-text-editor .elementor-drop-cap-letter{display:inline-block}<\/style>\t\t\t\t<p>Cam korkuluk sistemleri, modern mimarinin vazge\u00e7ilmez bir unsuru haline gelmi\u015ftir. Hem i\u00e7 mekanlarda hem de d\u0131\u015f mekanlarda geni\u015f bir kullan\u0131m yelpazesi sunan bu sistemler, estetik g\u00f6r\u00fcn\u00fcm\u00fc ile mekanlara zarafet katarken, ayn\u0131 zamanda insan g\u00fcvenli\u011fini maksimum d\u00fczeyde sa\u011flar.\u00a0<span style=\"background-color: transparent; color: var(--ast-global-color-3);\">Eviniz veya i\u015fyeriniz i\u00e7in \u015f\u0131kl\u0131\u011f\u0131 ve g\u00fcvenli\u011fi bir arada istiyorsan\u0131z<\/span><span style=\"background-color: transparent; color: var(--ast-global-color-3);\">, cam korkuluk sistemleri sizin i\u00e7in do\u011fru tercih olabilir.<\/span><\/p>\t\t\t\t\t\t<\/div>\n\t\t\t\t<\/div>\n\t\t\t\t<div class=\"elementor-element elementor-element-6cd1ab7c elementor-widget elementor-widget-heading\" data-id=\"6cd1ab7c\" data-element_type=\"widget\" data-widget_type=\"heading.default\">\n\t\t\t\t<div class=\"elementor-widget-container\">\n\t\t\t<h5 class=\"elementor-heading-title elementor-size-default\">Estetik ve \u015eeffafl\u0131k<\/h5>\t\t<\/div>\n\t\t\t\t<\/div>\n\t\t\t\t<div class=\"elementor-element elementor-element-3ca35670 elementor-widget elementor-widget-text-editor\" data-id=\"3ca35670\" data-element_type=\"widget\" data-widget_type=\"text-editor.default\">\n\t\t\t\t<div class=\"elementor-widget-container\">\n\t\t\t\t\t\t\t<p>Cam korkuluklar, mekanlara benzersiz bir \u015feffafl\u0131k ve ferahl\u0131k katman\u0131n yan\u0131 s\u0131ra zarif bir estetik sunar. Bu \u00f6zellik, manzaran\u0131n ve do\u011fal \u0131\u015f\u0131\u011f\u0131n tad\u0131n\u0131 \u00e7\u0131karmak isteyenler i\u00e7in idealdir.<\/p>\t\t\t\t\t\t<\/div>\n\t\t\t\t<\/div>\n\t\t\t\t<div class=\"elementor-element elementor-element-c5c271c elementor-widget elementor-widget-heading\" data-id=\"c5c271c\" data-element_type=\"widget\" data-widget_type=\"heading.default\">\n\t\t\t\t<div class=\"elementor-widget-container\">\n\t\t\t<h5 class=\"elementor-heading-title elementor-size-default\">G\u00fcvenlik<\/h5>\t\t<\/div>\n\t\t\t\t<\/div>\n\t\t\t\t<div class=\"elementor-element elementor-element-1ab81164 elementor-widget elementor-widget-text-editor\" data-id=\"1ab81164\" data-element_type=\"widget\" data-widget_type=\"text-editor.default\">\n\t\t\t\t<div class=\"elementor-widget-container\">\n\t\t\t\t\t\t\t<p>Cam korkuluklar, insan g\u00fcvenli\u011fi i\u00e7in en \u00fcst d\u00fczeyde tasarlanm\u0131\u015ft\u0131r. Dayan\u0131kl\u0131 cam paneller ve g\u00fc\u00e7l\u00fc montaj sistemleri sayesinde, kullan\u0131c\u0131lar\u0131n g\u00fcvende hissetmelerini sa\u011flar.\u00a0<span style=\"font-style: inherit; font-weight: inherit; background-color: transparent; color: var(--ast-global-color-3);\">Zorlu hava ko\u015fullar\u0131na dayan\u0131kl\u0131 yap\u0131ya sahip cam korkuluk sistemleri. \u00c7\u00fcr\u00fcme veya paslanma gibi sorunlarla kar\u015f\u0131la\u015fmadan uzun s\u00fcre dayanabilirler.<\/span><\/p>\t\t\t\t\t\t<\/div>\n\t\t\t\t<\/div>\n\t\t\t\t<div class=\"elementor-element elementor-element-31c3dec5 elementor-widget elementor-widget-heading\" data-id=\"31c3dec5\" data-element_type=\"widget\" data-widget_type=\"heading.default\">\n\t\t\t\t<div class=\"elementor-widget-container\">\n\t\t\t<h5 class=\"elementor-heading-title elementor-size-default\">Esnek Tasar\u0131m<\/h5>\t\t<\/div>\n\t\t\t\t<\/div>\n\t\t\t\t<div class=\"elementor-element elementor-element-5f99f7c7 elementor-widget elementor-widget-text-editor\" data-id=\"5f99f7c7\" data-element_type=\"widget\" data-widget_type=\"text-editor.default\">\n\t\t\t\t<div class=\"elementor-widget-container\">\n\t\t\t\t\t\t\t<p>Cam korkuluk sistemleri, \u00e7e\u015fitli tasar\u0131m se\u00e7enekleri sunar. Farkl\u0131 cam t\u00fcrleri, profiller ve kaplama se\u00e7enekleri ile ki\u015fiselle\u015ftirilebilirler. Bu, her t\u00fcrl\u00fc mekana uyum sa\u011flamalar\u0131n\u0131 ve estetik gereksinimleri kar\u015f\u0131lamalar\u0131n\u0131 sa\u011flar.<\/p>\t\t\t\t\t\t<\/div>\n\t\t\t\t<\/div>\n\t\t\t\t<div class=\"elementor-element elementor-element-6fd066fd elementor-widget elementor-widget-heading\" data-id=\"6fd066fd\" data-element_type=\"widget\" data-widget_type=\"heading.default\">\n\t\t\t\t<div class=\"elementor-widget-container\">\n\t\t\t<h5 class=\"elementor-heading-title elementor-size-default\">Kolay Bak\u0131m<\/h5>\t\t<\/div>\n\t\t\t\t<\/div>\n\t\t\t\t<div class=\"elementor-element elementor-element-7c300339 elementor-widget elementor-widget-text-editor\" data-id=\"7c300339\" data-element_type=\"widget\" data-widget_type=\"text-editor.default\">\n\t\t\t\t<div class=\"elementor-widget-container\">\n\t\t\t\t\t\t\t<p>Cam y\u00fczeyleri kolay temizlenir ve bak\u0131m\u0131 yap\u0131lan malzemelerdir. Bu da uzun \u00f6m\u00fcrleri boyunca temiz ve \u00e7ekici bir g\u00f6r\u00fcn\u00fcm sunar.<\/p>\t\t\t\t\t\t<\/div>\n\t\t\t\t<\/div>\n\t\t\t\t\t<\/div>\n\t\t<\/div>\n\t\t\t\t<div class=\"elementor-column elementor-col-33 elementor-top-column elementor-element elementor-element-3c09026\" data-id=\"3c09026\" data-element_type=\"column\">\n\t\t\t<div class=\"elementor-widget-wrap elementor-element-populated\">\n\t\t\t\t\t\t\t\t<div class=\"elementor-element elementor-element-5b75fb65 elementor-widget elementor-widget-image\" data-id=\"5b75fb65\" data-element_type=\"widget\" data-widget_type=\"image.default\">\n\t\t\t\t<div class=\"elementor-widget-container\">\n\t\t\t<style>\/*! elementor - v3.15.0 - 09-08-2023 *\/\n.elementor-widget-image{text-align:center}.elementor-widget-image a{display:inline-block}.elementor-widget-image a img[src$=\".svg\"]{width:48px}.elementor-widget-image img{vertical-align:middle;display:inline-block}<\/style>\t\t\t\t\t\t\t\t\t\t\t\t<img decoding=\"async\" width=\"950\" height=\"634\" src=\"https:\/\/www.aluengsystems.com\/wp-content\/uploads\/2023\/10\/15-1.webp\" class=\"attachment-large size-large wp-image-2959\" alt=\"\" loading=\"lazy\" srcset=\"https:\/\/www.aluengsystems.com\/wp-content\/uploads\/2023\/10\/15-1.webp 950w, https:\/\/www.aluengsystems.com\/wp-content\/uploads\/2023\/10\/15-1-300x200.webp 300w, https:\/\/www.aluengsystems.com\/wp-content\/uploads\/2023\/10\/15-1-768x513.webp 768w\" sizes=\"(max-width: 950px) 100vw, 950px\" \/>\t\t\t\t\t\t\t\t\t\t\t\t\t\t\t<\/div>\n\t\t\t\t<\/div>\n\t\t\t\t<div class=\"elementor-element elementor-element-caff893 elementor-widget elementor-widget-image\" data-id=\"caff893\" data-element_type=\"widget\" data-widget_type=\"image.default\">\n\t\t\t\t<div class=\"elementor-widget-container\">\n\t\t\t\t\t\t\t\t\t\t\t\t\t\t\t<img decoding=\"async\" width=\"650\" height=\"350\" src=\"https:\/\/www.aluengsystems.com\/wp-content\/uploads\/2023\/10\/camkorkuluksis3.png\" class=\"attachment-large size-large wp-image-2763\" alt=\"\" loading=\"lazy\" srcset=\"https:\/\/www.aluengsystems.com\/wp-content\/uploads\/2023\/10\/camkorkuluksis3.png 650w, https:\/\/www.aluengsystems.com\/wp-content\/uploads\/2023\/10\/camkorkuluksis3-300x162.png 300w\" sizes=\"(max-width: 650px) 100vw, 650px\" \/>\t\t\t\t\t\t\t\t\t\t\t\t\t\t\t<\/div>\n\t\t\t\t<\/div>\n\t\t\t\t<div class=\"elementor-element elementor-element-fb4d037 elementor-widget elementor-widget-image\" data-id=\"fb4d037\" data-element_type=\"widget\" data-widget_type=\"image.default\">\n\t\t\t\t<div class=\"elementor-widget-container\">\n\t\t\t\t\t\t\t\t\t\t\t\t\t\t\t<img decoding=\"async\" width=\"650\" height=\"350\" src=\"https:\/\/www.aluengsystems.com\/wp-content\/uploads\/2023\/10\/camkorkuluksis2.png\" class=\"attachment-large size-large wp-image-2759\" alt=\"\" loading=\"lazy\" srcset=\"https:\/\/www.aluengsystems.com\/wp-content\/uploads\/2023\/10\/camkorkuluksis2.png 650w, https:\/\/www.aluengsystems.com\/wp-content\/uploads\/2023\/10\/camkorkuluksis2-300x162.png 300w\" sizes=\"(max-width: 650px) 100vw, 650px\" \/>\t\t\t\t\t\t\t\t\t\t\t\t\t\t\t<\/div>\n\t\t\t\t<\/div>\n\t\t\t\t\t<\/div>\n\t\t<\/div>\n\t\t\t\t\t\t\t<\/div>\n\t\t<\/section>\n\t\t\t\t<section class=\"elementor-section elementor-top-section elementor-element elementor-element-556fad32 elementor-section-boxed elementor-section-height-default elementor-section-height-default\" data-id=\"556fad32\" data-element_type=\"section\" data-settings=\"{&quot;background_background&quot;:&quot;classic&quot;}\">\n\t\t\t\t\t\t<div class=\"elementor-container elementor-column-gap-default\">\n\t\t\t\t\t<div class=\"elementor-column elementor-col-100 elementor-top-column elementor-element elementor-element-32f39498\" data-id=\"32f39498\" data-element_type=\"column\" data-settings=\"{&quot;background_background&quot;:&quot;classic&quot;}\">\n\t\t\t<div class=\"elementor-widget-wrap elementor-element-populated\">\n\t\t\t\t\t\t\t\t<section class=\"elementor-section elementor-inner-section elementor-element elementor-element-1e793cbe elementor-section-content-middle elementor-section-boxed elementor-section-height-default elementor-section-height-default\" data-id=\"1e793cbe\" data-element_type=\"section\">\n\t\t\t\t\t\t<div class=\"elementor-container elementor-column-gap-default\">\n\t\t\t\t\t<div class=\"elementor-column elementor-col-50 elementor-inner-column elementor-element elementor-element-7cdb640b\" data-id=\"7cdb640b\" data-element_type=\"column\">\n\t\t\t<div class=\"elementor-widget-wrap elementor-element-populated\">\n\t\t\t\t\t\t\t\t<div class=\"elementor-element elementor-element-44fe6900 elementor-widget elementor-widget-heading\" data-id=\"44fe6900\" data-element_type=\"widget\" data-widget_type=\"heading.default\">\n\t\t\t\t<div class=\"elementor-widget-container\">\n\t\t\t<h3 class=\"elementor-heading-title elementor-size-default\">Projenizde bizimle \u00e7al\u0131\u015fmak ister misiniz?<\/h3>\t\t<\/div>\n\t\t\t\t<\/div>\n\t\t\t\t<div class=\"elementor-element elementor-element-28dc6f65 elementor-widget elementor-widget-text-editor\" data-id=\"28dc6f65\" data-element_type=\"widget\" data-widget_type=\"text-editor.default\">\n\t\t\t\t<div class=\"elementor-widget-container\">\n\t\t\t\t\t\t\t<p>Proje detaylar\u0131n\u0131z\u0131 g\u00f6r\u00fc\u015fmek ve i\u015fbirli\u011fi yapmak i\u00e7in hemen bizi aray\u0131n!<\/p>\t\t\t\t\t\t<\/div>\n\t\t\t\t<\/div>\n\t\t\t\t\t<\/div>\n\t\t<\/div>\n\t\t\t\t<div class=\"elementor-column elementor-col-50 elementor-inner-column elementor-element elementor-element-7af18f19\" data-id=\"7af18f19\" data-element_type=\"column\">\n\t\t\t<div class=\"elementor-widget-wrap elementor-element-populated\">\n\t\t\t\t\t\t\t\t<div class=\"elementor-element elementor-element-39028031 elementor-align-right elementor-tablet-align-center elementor-widget elementor-widget-button\" data-id=\"39028031\" data-element_type=\"widget\" data-widget_type=\"button.default\">\n\t\t\t\t<div class=\"elementor-widget-container\">\n\t\t\t\t\t<div class=\"elementor-button-wrapper\">\n\t\t\t<a class=\"elementor-button elementor-button-link elementor-size-sm\" href=\"\/index.php\/contact\/\">\n\t\t\t\t\t\t<span class=\"elementor-button-content-wrapper\">\n\t\t\t\t\t\t<span class=\"elementor-button-text\">Bize Ula\u015f\u0131n<\/span>\n\t\t<\/span>\n\t\t\t\t\t<\/a>\n\t\t<\/div>\n\t\t\t\t<\/div>\n\t\t\t\t<\/div>\n\t\t\t\t\t<\/div>\n\t\t<\/div>\n\t\t\t\t\t\t\t<\/div>\n\t\t<\/section>\n\t\t\t\t\t<\/div>\n\t\t<\/div>\n\t\t\t\t\t\t\t<\/div>\n\t\t<\/section>\n\t\t\t\t\t\t\t<\/div>\n\t\t","protected":false},"excerpt":{"rendered":"<p>Cam Korkuluk Sistemleri Cam Korkuluk Sistemlerinin Avantajlar\u0131 Cam korkuluk sistemleri, modern mimarinin vazge\u00e7ilmez bir unsuru haline gelmi\u015ftir. Hem i\u00e7 mekanlarda hem de d\u0131\u015f mekanlarda geni\u015f bir kullan\u0131m yelpazesi sunan bu sistemler, estetik g\u00f6r\u00fcn\u00fcm\u00fc ile mekanlara zarafet katarken, ayn\u0131 zamanda insan g\u00fcvenli\u011fini maksimum d\u00fczeyde sa\u011flar.\u00a0Eviniz veya i\u015fyeriniz i\u00e7in \u015f\u0131kl\u0131\u011f\u0131 ve g\u00fcvenli\u011fi bir arada istiyorsan\u0131z, cam korkuluk &hellip;<\/p>\n<p class=\"read-more\"> <a class=\"\" href=\"https:\/\/www.aluengsystems.com\/index.php\/cam-korkuluk-sistemleri\/\"> <span class=\"screen-reader-text\">Cam Korkuluk Sistemleri<\/span> Read More &raquo;<\/a><\/p>\n","protected":false},"author":1,"featured_media":0,"parent":0,"menu_order":0,"comment_status":"closed","ping_status":"closed","template":"","meta":{"site-sidebar-layout":"no-sidebar","site-content-layout":"page-builder","ast-global-header-display":"","ast-banner-title-visibility":"","ast-main-header-display":"","ast-hfb-above-header-display":"","ast-hfb-below-header-display":"","ast-hfb-mobile-header-display":"","site-post-title":"disabled","ast-breadcrumbs-content":"","ast-featured-img":"disabled","footer-sml-layout":"","theme-transparent-header-meta":"","adv-header-id-meta":"","stick-header-meta":"","header-above-stick-meta":"","header-main-stick-meta":"","header-below-stick-meta":""},"_links":{"self":[{"href":"https:\/\/www.aluengsystems.com\/index.php\/wp-json\/wp\/v2\/pages\/2005"}],"collection":[{"href":"https:\/\/www.aluengsystems.com\/index.php\/wp-json\/wp\/v2\/pages"}],"about":[{"href":"https:\/\/www.aluengsystems.com\/index.php\/wp-json\/wp\/v2\/types\/page"}],"author":[{"embeddable":true,"href":"https:\/\/www.aluengsystems.com\/index.php\/wp-json\/wp\/v2\/users\/1"}],"replies":[{"embeddable":true,"href":"https:\/\/www.aluengsystems.com\/index.php\/wp-json\/wp\/v2\/comments?post=2005"}],"version-history":[{"count":31,"href":"https:\/\/www.aluengsystems.com\/index.php\/wp-json\/wp\/v2\/pages\/2005\/revisions"}],"predecessor-version":[{"id":2962,"href":"https:\/\/www.aluengsystems.com\/index.php\/wp-json\/wp\/v2\/pages\/2005\/revisions\/2962"}],"wp:attachment":[{"href":"https:\/\/www.aluengsystems.com\/index.php\/wp-json\/wp\/v2\/media?parent=2005"}],"curies":[{"name":"wp","href":"https:\/\/api.w.org\/{rel}","templated":true}]}}